alse
Is 7742349301 a composite number?
False
Is 798580999 prime?
False
Is 69297038843 prime?
False
Is 2091535847 a composite number?
False
Is 15899522533 a prime number?
False
Is 1392430357 a prime number?
True
Is 570859889 composite?
True
Is 1064981431 composite?
False
Is 22790804947 prime?
True
Is 1295054759 composite?
False
Is 2430088993 a composite number?
True
Is 641287357 a composite number?
True
Is 4858823693 a composite number?
True
Is 43374577 prime?
False
Is 7115763133 a prime number?
False
Is 20616749 composite?
False
Is 372115231 a prime number?
True
Is 1606559897 composite?
False
Is 3081606951 a prime number?
False
Is 292521565901 a composite number?
False
Is 3192844087 a composite number?
False
Is 24169886603 prime?
True
Is 1072783531 a composite number?
False
Is 9150688037 composite?
True
Is 877527143 prime?
False
Is 459315187 composite?
True
Is 10443982777 composite?
True
Is 198357953 composite?
True
Is 3593029802 composite?
True
Is 1935605953 prime?
False
Is 51404331943 a composite number?
True
Is 10505416979 a composite number?
False
Is 11190579271 composite?
True
Is 9851906983 prime?
True
Is 2026916207 a composite number?
True
Is 73539029 composite?
False
Is 20776121 prime?
True
Is 25139321 prime?
True
Is 62650366561 a prime number?
False
Is 3756106099 prime?
False
Is 13364230837 prime?
False
Is 136754931553 a composite number?
False
Is 9048062869 a composite number?
False
Is 308544007 prime?
False
Is 326224781 a composite number?
True
Is 30205193519 a composite number?
False
Is 14662313773 a prime number?
True
Is 4210654727 composite?
False
Is 4253561821 a composite number?
True
Is 3739420159 a prime number?
True
Is 99190997 a prime number?
True
Is 134573753 prime?
False
Is 874787413 a composite number?
True
Is 17214982993 a prime number?
False
Is 2689772287 composite?
True
Is 2645891257 a composite number?
False
Is 57975667801 prime?
True
Is 208180793 a composite number?
True
Is 5926752218 a composite number?
True
Is 2154312827 a composite number?
True
Is 59079804409 composite?
False
Is 61628401163 prime?
False
Is 627932677 prime?
True
Is 99097740065 a composite number?
True
Is 2291578802 a composite number?
True
Is 6021069617 prime?
False
Is 21037339 prime?
True
Is 1650045601 a composite number?
False
Is 3289713937 prime?
False
Is 128023099 a composite number?
False
Is 22505458103 a composite number?
True
Is 30728312221 a composite number?
True
Is 114296353 composite?
False
Is 894928058 a prime number?
False
Is 646228223 a composite number?
True
Is 3168143711 a composite number?
True
Is 2091582205 a composite number?
True
Is 2444304559 prime?
True
Is 50461465 composite?
True
Is 85759367 a prime number?
True
Is 2585222683 composite?
False
Is 47767988119 prime?
False
Is 859448873 a prime number?
False
Is 2866398377 a prime number?
False
Is 13706192723 prime?
False
Is 1123494991 prime?
True
Is 11443123 a composite number?
True
Is 26137265143 a composite number?
True
Is 8333204759 composite?
True
Is 815022667 composite?
False
Is 292255927 prime?
False
Is 15674250499 prime?
False
Is 2572783861 a prime number?
False
Is 46494089869 a composite number?
True
Is 12804540601 prime?
False
Is 593830897 composite?
True
Is 11242947019 composite?
True
Is 4099980127 composite?
True
Is 12644133287 prime?
True
Is 5660794259 a composite number?
False
Is 2082430517 composite?
False
Is 6405458179 prime?
False
Is 14998003171 composite?
False
Is 52365069307 composite?
False
Is 5171119 prime?
True
Is 6176590715 prime?
False
Is 8522909 prime?
True
Is 1067922773 a prime number?
True
Is 8290056283 a prime number?
False
Is 6952875799 a prime number?
True
Is 13327287859 a composite number?
False
Is 71613359 composite?
False
Is 8316871151 a prime number?
True
Is 9208608547 a prime number?
False
Is 92015086591 composite?
False
Is 18110282011 prime?
True
Is 2330556749 prime?
True
Is 1205126903 prime?
True
Is 14612326667 a prime number?
False
Is 525726541 composite?
True
Is 4558500071 a composite number?
True
Is 2734441849 composite?
True
Is 3295249522 a composite number?
True
Is 886850161 prime?
True
Is 1429237699 a composite number?
False
Is 22357013687 composite?
False
Is 14971996157 a prime number?
False
Is 30859565011 a composite number?
True
Is 12096488869 composite?
False
Is 8032326319 a prime number?
False
Is 8826221837 a prime number?
True
Is 1826608099 a composite number?
False
Is 3337109089 prime?
False
Is 324911753 a prime number?
False
Is 450489119 prime?
True
Is 2563019281 prime?
True
Is 517570043 composite?
True
Is 9048643069 a composite number?
False
Is 1679206979 a composite number?
False
Is 32288604563 composite?
False
Is 10425785639 prime?
False
Is 265531379 prime?
True
Is 433739959 a composite number?
False
Is 29558877689 prime?
False
Is 1163412241 prime?
True
Is 53030078729 prime?
False
Is 1446366353 a prime number?
True
Is 39986568295 prime?
False
Is 1271545391 a composite number?
False
Is 154238047 a composite number?
True
Is 34847625577 a prime number?
True
Is 45635610949 composite?
True
Is 4594743643 composite?
True
Is 6820601159 a prime number?
True
Is 1689909059 composite?
False
Is 5292167549 a prime number?
True
Is 1397103077 a prime number?
False
Is 36558609931 prime?
True
Is 29218604689 a prime number?
False
Is 238640816935 prime?
False
Is 368426633 prime?
False
Is 51236852011 composite?
True
Is 78398561473 composite?
True
Is 2543706479 prime?
False
Is 167593104559 a prime number?
False
Is 1055712451 composite?
False
Is 96101999177 composite?
True
Is 764253247 prime?
True
Is 157489133 a prime number?
False
Is 6928151003 a prime number?
False
Is 22221415483 prime?
True
Is 6300955051 a prime number?
False
Is 507602549 prime?
False
Is 403457161 prime?
True
Is 5249471303 composite?
False
Is 44075645171 prime?
True
Is 146745491 a prime number?
False
Is 24587636989 a prime number?
False
Is 869144513 a composite number?
False
Is 4081493401 a composite number?
False
Is 975839663 a prime number?
True
Is 424898249 prime?
True
Is 420395361 prime?
False
Is 23167700221 prime?
True
Is 3903488051 composite?
False
Is 5633843161 prime?
True
Is 975307547 prime?
False
Is 8144852129 composite?
False
Is 271632589 a composite number?
True
Is 210986371 prime?
False
Is 2075112841 a composite number?
True
Is 4747397527 composite?
True
Is 742936351 a composite number?
True
Is 45931721599 prime?
False
Is 176920123 composite?
False
Is 478298971 prime?
True
Is 978863867 a prime number?
False
Is 871287101 a composite number?
False
Is 4900622107 composite?
False
Is 312728473 composite?
False
Is 5046308489 a prime number?
True
Is 100353133 a composite number?
False
Is 232965143 a composite number?
False
Is 12469091119 prime?
False
Is 3502046615 a composite number?
True
Is 1993189657 a prime number?
True
Is 839309747 a prime number?
True
Is 446528807 prime?
True
Is 809372071 a composite number?
True
Is 71261999 a composite number?
False
Is 978208639 composite?
False
Is 51460040129 composite?
False
Is 36014745813 prime?
False
Is 201474895 a composite number?
True
Is 3081517301 a composite number?
False
Is 13339654091 a composite number?
True
Is 1035862379 composite?
False
Is 25639275349 a prime number?
True
Is 7341927127 a composite number?
True
Is 6295678607 composite?
False
Is 995084861 composite?
False
Is 3490973243 a composite number?
False
Is 176994491957 prime?
False
Is 3513430157 composite?
False
Is 13952805109 a composite number?
True
Is 171903662617 composite?
False
Is 270560783 a prime number?
False
Is 10140037169 prime?
False
Is 3469080677 a composite number?
True
Is 15614844591 prime?
False
Is 6992520881 composite?
True
Is 595279511 prime?
True
Is 14294383547 prime?
False
Is 83826387871 composite?
True
Is 1859157049 a composite number?
True
Is 252458183 composite?
False
Is 1248360887 prime?
False
Is 6179268593 a composite number?
True
Is 6896992577 a prime number?
False
Is 13044730793 prime?
True
Is 39050696231 composite?
False
Is 1321306951 a composite number?
False
Is 7305667651 a composite number?
False
Is 189165659 a composite number?
True
Is 2530405331 a composite number?
False
Is 6274881361 a prime number?
False
Is 292117841 a prime number?
False
Is 39665815459 prime?
True
Is 1465986433 a prime number?
False
Is 49728923 composite?
True
